t z(j) = -33*j - 15. Let l be z(-7). What is the highest common divisor of l and 27?
27
Let q = -5 + 17. Let x = 3 - q. Let n(t) = -t**3 - 9*t**2 - t - 7. Let o be n(x). What is the greatest common factor of o and 6?
2
Let y be 2/(-1 + -1) - -19. Suppose c + 28 = 3*n - y, -4*n = 3*c - 57. What is the greatest common factor of n and 165?
15
Suppose 0 = 3*r - 2*t - 12, -t = 2*r - 7 - 1. Let n = r + 3. Let p be 10/(-35) + 149/n. Calculate the highest common factor of p and 14.
7
Let y(v) = -v**2 - 8*v + 2. Let s be y(-6). Calculate the greatest common divisor of 126 and s.
14
Let y(t) = 2*t**2 + t - 3. Suppose 2 + 12 = -2*i. Let c be y(i). Let x be 3 + -2 + -3 + (-2 - -12). What is the highest common divisor of x and c?
8
Let d(x) = x + 14. Let m(l) = -l - 3. Let y be m(-3). Let s be d(y). Let p = 44 - s. Calculate the greatest common divisor of p and 45.
15
Suppose -3*y - 9 = 0, -2*j = -6*j - 4*y - 8. Let n(s) = 96*s**2 + s - 1. Let l be n(j). What is the greatest common factor of l and 12?
12
Let w(v) = v**2 + 3*v + 11. Let l be w(8). Let i(x) = 3*x**2 + x + 1. Let d be i(-2). What is the highest common divisor of l and d?
11
Let c be 28/(-6)*(-13 + 10). Calculate the highest common factor of 35 and c.
7
Let z(k) = 19*k**2 - k + 3. Let a be (-2)/5 + (-47)/(-5). Let n be (6/a)/(2/9). Let g be z(n). Calculate the greatest common factor of g and 19.
19
Suppose 2*g + 5*i - 2 = -7, -g - 3*i = 5. Let l = g + 40. Let r = -40 + 60. What is the highest common divisor of r and l?
10
Let r be (-40)/6*3/2. Let u = -16 - r. Let s(j) = -j**3 - 5*j**2 + 4*j - 6. Let n be s(u). What is the greatest common factor of 48 and n?
6
Let z = -7 + 19. Suppose 2*u - z = 2*f, -3*u - 2*f = 1 - 14. Let w(h) = h**2 + 5. Let g be w(5). Calculate the highest common factor of u and g.
5
Suppose -6 = -u - 2. Let j be (39/(-26))/((-6)/16). What is the highest common factor of j and u?
4
Let d = -5 - -36. Let g = d - 26. Calculate the highest common factor of g and 35.
5
Let t(r) = -r**2 - 7*r + 6. Let a be t(-6). Let f be (-2)/(-4) - (-5)/(-10). Let k(u) = u + 6. Let s be k(f). Calculate the greatest common divisor of a and s.
6
Let d be 2/(-3)*(4 + -7). Let m = 0 - -2. Let f be 8/3 + m/(-3). Calculate the highest common divisor of f and d.
2
Let o(r) = r**3 - 10*r**2 + 2*r + 1. Let x be o(10). Let h(a) = 10*a**2 + 5*a + 6. Let j be h(-5). What is the highest common factor of x and j?
21
Let r be 310/3 - 2/(-3). Let y be 11 - ((-1)/3)/((-2)/(-12)). What is the greatest common divisor of r and y?
13
Let l be 71 - (-5 + 4)*-1. What is the highest common divisor of l and 10?
10
Suppose -4*c + 3*p = -41, -5*c = -2*p - 49 + 3. Calculate the greatest common divisor of c and 24.
8
Suppose 0*l + 5*l = -2*u + 31, -u - 4*l + 8 = 0. Let x = 38 + 4. What is the highest common divisor of u and x?
14
Let c = 78 - 28. Suppose -2*u = -3*x - c - 213, -2*x = -5*u + 652. What is the highest common divisor of 26 and u?
26
Let t = -31 - -17. Let u be (t/5)/(2/(-20)). Let f = 5 - 1. Calculate the highest common divisor of f and u.
4
Let f(o) = o**3 - 3*o**2 - 9*o + 1. Let r be f(6). Let g(b) = -7*b + 2. Let u be g(2). Let d be -3*(-2)/u*-10. What is the greatest common divisor of r and d?
5
Let h(r) = -r**2 - 7*r - 4. Let b be h(-6). Let k(t) = -4*t**b + 14*t - 13*t + 11*t**2. Let p be k(-1). What is the highest common factor of p and 36?
6
Suppose -1 = -0*g - g. Let b be (-1 + 0/(-3))/(-1). Let z be 1/((-3)/(b*-3)). Calculate the highest common divisor of z and g.
1
Suppose -2*c + 0*c = 2*w - 32, 0 = -c + w + 14. Calculate the highest common factor of 120 and c.
15
Suppose -17 = -2*o + 23. What is the highest common divisor of o and 10?
10
Suppose 3*m = 4*u + 356, 54 = 2*m - u - 175. Calculate the greatest common divisor of m and 16.
16
Suppose -640 = -19*c + 14*c. Let f be ((-24)/(-2))/((-6)/(-8)). What is the highest common divisor of f and c?
16
Let m be (3 + -1)/((-3)/(-6)). Suppose 0 = m*j - j - 30. Let l be ((-8)/j)/((-2)/100). Calculate the highest common divisor of 8 and l.
8
Let g be (-1)/(-1*(-1)/(-25)). Let v = -15 + g. Let q be v/4 + 2/4. Calculate the greatest common factor of 15 and q.
3
Suppose 4*l - 16 = -52. Let k = l + 12. What is the greatest common factor of k and 1?
1
Let w = 370 + -244. What is the greatest common divisor of 14 and w?
14
Let x = 25 + -18. Let p be x/5 + 6/10. Suppose 0*d - 28 = -p*d. What is the highest common divisor of d and 35?
7
Let n be (8 - (-2 + 4))*8. Suppose 0 = -2*q - 3*s + 18, 3 + 7 = 5*s. What is the highest common divisor of n and q?
6
Let z be 16/2 + 6/(-4)*2. What is the highest common factor of 2 and z?
1
Suppose 0 = h + 23*h - 1800. Calculate the greatest common divisor of h and 30.
15
Let h = 1141 - 635. Suppose p = 3*p - h. Calculate the highest common divisor of p and 23.
23
Suppose -n = -2*o - o - 19, -4*o = 3*n + 8. Suppose n*p - 3*p = 13. Calculate the highest common factor of p and 52.
13
Let p be 148/12 + 6/9. Let y = 153 + -10. What is the greatest common divisor of y and p?
13
Suppose 0 = -2*a - a + 168. What is the highest common factor of a and 7?
7
Let s(g) = 4*g + 27. Let c be s(0). What is the greatest common factor of 297 and c?
27
Let z be 10 + -7 + 1 + -1. Suppose 0 = 5*y - 4*y - z. What is the greatest common factor of 2 and y?
1
Let a(l) be the first derivative of -l**2 + 10*l + 1. Let c be a(-8). What is the greatest common divisor of 13 and c?
13
Let v(a) = -2*a - 6. Let k be v(-9). What is the greatest common factor of k and 84?
12
Let y(r) = -r**3 - 5*r**2 + 3*r + 20. Let m be y(-6). What is the greatest common factor of m and 2?
2
Let v(n) = n**2 - 1. Let z be v(-1). Suppose z = b + 1 - 3. Calculate the highest common factor of 8 and b.
2
Let t be (72/(-60))/((-2)/5). Suppose t*g - 57 = -4*p, -3*p + 19 = -0*g + g. Calculate the highest common divisor of g and 19.
19
Let l(n) = -n**3 + 4*n**2 - 2*n - 2. Let y be l(3). Suppose 0 = 3*f - 7*f. Suppose f*w + 55 = 5*w. Calculate the greatest common factor of y and w.
1
Suppose -3*d + 74 = -l, d + 3*l + 2 - 30 = 0. What is the highest common factor of 175 and d?
25
Let z = 0 + 1. Let r be 12/4 - (-6)/9*-3. Calculate the highest common divisor of z and r.
1
Suppose 4*q = -1 + 5. Suppose 3*i - 2*z = 18 + 10, 2*z - 4 = -i. What is the highest common divisor of i and q?
1
Let y = 10 + 2. Let z be 15/(-6)*(1 - -1). Let f be 2/z - 482/(-5). What is the greatest common divisor of f and y?
12
Let g(r) = -r**3 + 7. Let z be g(0). What is the highest common divisor of z and 56?
7
Suppose -4*i = -2*v + 22, 2*i + 17 = 2*v + v. Suppose q = v*q + 28. Let z be (q/3)/(3/(-9)). What is the greatest common divisor of z and 28?
14
Suppose -14*y = 10*y - 192. Suppose -70 = -3*d - 5*z, -2*d + 0*z + 50 = 5*z. What is the highest common factor of y and d?
4
Suppose -4*l + m = -106, 0 = -6*l + l - m + 128. Calculate the highest common divisor of 234 and l.
26
Let a be 3 + -1 - (1 - 1). Suppose -a*i + 149 = -4*q + 495, 2*q = -3*i + 185. Calculate the greatest common factor of q and 11.
11
Let y(g) = 19*g**2 - 8*g + 3. Let x be y(3). Calculate the highest common factor of x and 60.
30
Suppose -275 = 14*v - 19*v. What is the highest common factor of v and 33?
11
Suppose -x + 6*r - 3 = 3*r, 7 = 3*x - 5*r. Suppose w = 5*a - 91, -a + 0*w = w - 17. Let l be (a/(-8))/((-1)/4). What is the highest common divisor of x and l?
9
Suppose 0 = 10*i + 11 - 171. What is the highest common factor of i and 40?
8
Let w = 96 + -36. Suppose -3*f + w = f. Let j = 128 - -37. What is the greatest common divisor of f and j?
15
Suppose 0 = -5*l + l + 24. Suppose -3*a + 3 = 0, 3*a - 2 - 19 = -2*p. Calculate the highest common divisor of l and p.
3
Let n = 9 - 7. Let y be -2 + 5 + 3*n. Calculate the greatest common divisor of y and 72.
9
Suppose w - 4*w - 4*f = -15, -w + 5 = -4*f. Suppose 77 = w*o - 73. Suppose i - o = -2*i. What is the highest common divisor of i and 30?
10
Suppose 4*m - 6*m = -16. Calculate the highest common divisor of m and 8.
8
Let v be (-270)/(-75) - 6/10. Suppose 0 = u - 0 - 2. Let p(s) = 2*s**3 - 2*s + 3. Let x be p(u). Calculate the highest common factor of v and x.
3
Suppose 20 - 136 = -2*n. Calculate the highest common factor of 87 and n.
29
Let k = -115 + 121. What is the highest common divisor